{"id":341,"date":"2017-05-01T20:51:27","date_gmt":"2017-05-01T18:51:27","guid":{"rendered":"http:\/\/rosmarinvej.dk\/?page_id=341"},"modified":"2017-05-01T20:51:27","modified_gmt":"2017-05-01T18:51:27","slug":"generalforsamling-2017","status":"publish","type":"page","link":"https:\/\/rosmarinvej.dk\/?page_id=341","title":{"rendered":"Generalforsamling 2017"},"content":{"rendered":"<p>Referat af ordin\u00e6r generalforsamling i Grundejerforeningen Rosmarinvej<br \/>\nOnsdag d. 29. marts 2017<br \/>\nRepr\u00e6sentanter fra 15 husstande var m\u00f8dt frem.<\/p>\n<p>Dagsorden:<\/p>\n<p>1.\u00a0\u00a0 \u00a0Valg af dirigent.<br \/>\nMorten Andersen blev valgt til dirigent og kunne konstatere, at generalforsamlingen var lovlig varslet iht. foreningens vedt\u00e6gter.<\/p>\n<p>2.\u00a0\u00a0 \u00a0Formanden afl\u00e6gger \u00e5rsberetning.<br \/>\n&#8211;\u00a0\u00a0 \u00a0Vi har afholdt 2 bestyrelsesm\u00f8der.<br \/>\n&#8211;\u00a0\u00a0 \u00a0Vi har budt velkommen til 2 nye husstande.<br \/>\n&#8211;\u00a0\u00a0 \u00a0Der er kommet jord i kummerne og der kommer snart beplantning i.<br \/>\n&#8211;\u00a0\u00a0 \u00a0Vi har f\u00e5et nye husnummer skilte.<br \/>\n&#8211;\u00a0\u00a0 \u00a0Vi har ogs\u00e5 f\u00e5et Nabohj\u00e6lp skilte sat op og opfordrer til at melde sig til p\u00e5 nabohj\u00e6lp.dk.<br \/>\n&#8211;\u00a0\u00a0 \u00a0Stien ved nr. 32\/34 er blevet fornyet.<br \/>\n&#8211;\u00a0\u00a0 \u00a0Det har v\u00e6ret en billig vinter mht. snerydning og grusning.<br \/>\n&#8211;\u00a0\u00a0 \u00a02 husstande har igen ikke betalt kontingent, det drejer sig om nr. 18 og 63. Vi opfordrer til at man betaler kontingent, s\u00e5 der ogs\u00e5 er penge i fremtiden til feks. nyt asfalt.<br \/>\n&#8211;\u00a0\u00a0 \u00a0Vi opfordrer ogs\u00e5 til, at man tilmelder sig p\u00e5 rosmarinvej.dk. Dermed f\u00e5r man en mail, n\u00e5r der sker noget nyt f.eks. mht. fejning.<\/p>\n<p>Beretningen blev godkendt.<\/p>\n<p>3.\u00a0\u00a0 \u00a0Kassereren forel\u00e6gger det reviderede regnskab.<br \/>\nReparation af sti ved nr. 32\/34 kommer f\u00f8rst p\u00e5 dette \u00e5rs regnskab. Der er brugt ca. 3000 kr. p\u00e5 husnr. skilte og ca. 4000 kr. p\u00e5 nabohj\u00e6lp skilte. Alligevel er der overskud p\u00e5 kontoen.<\/p>\n<p>Regnskabet blev godkendt.<\/p>\n<p>4.\u00a0\u00a0 \u00a0Behandling af budgetforslag samt fasts\u00e6ttelse af kontingent.<br \/>\nBestyrelsen redegjorde for det udsendte budgetforslag. Bestyrelsen foresl\u00e5r, at kontingentet forbliver u\u00e6ndret, 700 kr. Kontingentet fordeles med 300 kr. til drift og 400 kr. til vejfonden. Bestyrelsen kan dog beslutte en anden fordeling, hvis der i l\u00f8bet af \u00e5ret opst\u00e5r behov derfor.<\/p>\n<p>Budget og kontingent blev godkendt.<\/p>\n<p>5.\u00a0\u00a0 \u00a0Behandling af indkomne forslag.<br \/>\nDer var ingen indkomne forslag.<\/p>\n<p>6.\u00a0\u00a0 \u00a0Valg af bestyrelsesmedlemmer og 2 suppleanter, samt 2 revisorer og 1 suppleant.<br \/>\nTil bestyrelsen blev Jette Haubro nr. 17 og Morten Dueholm nr. 21 genvalgt.<br \/>\nSom suppleanter blev Kristian Abildgaard nr. 26A og J\u00f8rgen Vestergaard nr. 19 genvalgt.<br \/>\nSom revisorer blev Bjarne Hougaard nr. 36 genvalgt og Charlotte V. Kristensen nr. 20 blev valgt ind.<br \/>\nSom revisorsuppleant blev Benny Nielsen nr. 70 genvalgt.<\/p>\n<p>7.\u00a0\u00a0 \u00a0Eventuelt.<br \/>\nDe 2 husstandes manglende betaling af kontingent blev dr\u00f8ftet. En beboer spurgte til, om der kunne v\u00e6re afholdt et vejsyn i forbindelse med reparation af stien ved nr. 32\/34, for dermed at f\u00e5 de 2 husstande til at bidrage til udgiften. Under hensyn til omkostningerne forbundet med et vejsyn, er dette ikke gjort.<br \/>\nSamtidig blev tinglysning af medlemskab af grundejerforeningen dr\u00f8ftet. For at f\u00e5 det tinglyst p\u00e5 en gang, og dermed billigst, kr\u00e6ver det at alle er med. Det blev dr\u00f8ftet, hvad vi kan g\u00f8re, for at f\u00e5 de sidste 2 husstande med. Bestyrelsen arbejder videre hermed.<\/p>\n<p>Til information: Der bliver holdt et loppemarked p\u00e5 stamvejen l\u00f8rdag den 22. april kl. 10 \u2013 13. Hvis der er for f\u00e5 tilmeldte, aflyses det.<\/p>\n<p>Og s\u00e5 forventes gadefesten i \u00e5r at blive afholdt l\u00f8rdag den 19. august, n\u00e6rmere info f\u00f8lger.<\/p>\n<p>Morten Andersen, dirigent<\/p>\n<p>Morten Dueholm, formand<\/p>\n<p>Benny Kold. kasserer<\/p>\n<p>Jette Haubro, n\u00e6stformand<\/p>\n<p>S\u00f8ren Mikkelsen, vejformand<\/p>\n<p>Anne Andersen, sekret\u00e6r<\/p>\n","protected":false},"excerpt":{"rendered":"<p>Referat af ordin\u00e6r generalforsamling i Grundejerforeningen Rosmarinvej Onsdag d. 29. marts 2017 Repr\u00e6sentanter fra 15 husstande var m\u00f8dt frem. Dagsorden: 1.\u00a0\u00a0 \u00a0Valg af dirigent. Morten Andersen blev valgt til dirigent og kunne konstatere, at generalforsamlingen var lovlig varslet iht. foreningens vedt\u00e6gter. 2.\u00a0\u00a0 \u00a0Formanden afl\u00e6gger \u00e5rsberetning. &#8211;\u00a0\u00a0 \u00a0Vi har afholdt 2 bestyrelsesm\u00f8der. &#8211;\u00a0\u00a0 \u00a0Vi har budt [&hellip;]<\/p>\n","protected":false},"author":1,"featured_media":0,"parent":0,"menu_order":0,"comment_status":"closed","ping_status":"closed","template":"","meta":{"footnotes":""},"class_list":["post-341","page","type-page","status-publish","hentry"],"_links":{"self":[{"href":"https:\/\/rosmarinvej.dk\/index.php?rest_route=\/wp\/v2\/pages\/341","targetHints":{"allow":["GET"]}}],"collection":[{"href":"https:\/\/rosmarinvej.dk\/index.php?rest_route=\/wp\/v2\/pages"}],"about":[{"href":"https:\/\/rosmarinvej.dk\/index.php?rest_route=\/wp\/v2\/types\/page"}],"author":[{"embeddable":true,"href":"https:\/\/rosmarinvej.dk\/index.php?rest_route=\/wp\/v2\/users\/1"}],"replies":[{"embeddable":true,"href":"https:\/\/rosmarinvej.dk\/index.php?rest_route=%2Fwp%2Fv2%2Fcomments&post=341"}],"version-history":[{"count":2,"href":"https:\/\/rosmarinvej.dk\/index.php?rest_route=\/wp\/v2\/pages\/341\/revisions"}],"predecessor-version":[{"id":344,"href":"https:\/\/rosmarinvej.dk\/index.php?rest_route=\/wp\/v2\/pages\/341\/revisions\/344"}],"wp:attachment":[{"href":"https:\/\/rosmarinvej.dk\/index.php?rest_route=%2Fwp%2Fv2%2Fmedia&parent=341"}],"curies":[{"name":"wp","href":"https:\/\/api.w.org\/{rel}","templated":true}]}}